**3/3 + t**2/2 - 4. Let h be r(-1). What is the units digit of (h/(-2))/(7 + -8)?
6
Let a(j) be the third derivative of j**4/24 + 5*j**2. Let u(p) = -8*p + 2. Let l(t) = -a(t) - u(t). What is the units digit of l(1)?
5
Suppose -5*y + 5*g = -135, 0*y + 58 = 2*y - 4*g. Suppose -2*m = 3*m - y. Suppose 2*r + 7 = 5*r + m*s, 3*r - 31 = s. What is the units digit of r?
9
Suppose 1350 = -3*w + 8166. What is the thousands digit of w?
2
Suppose 0 = 9*s - 3241 - 8045. What is the tens digit of s?
5
Let s(p) = p**2 - 18*p - 2. Let o(j) = -j**2 + j. Let w(d) = -2*o(d) - s(d). Let f be w(-16). What is the tens digit of (-195)/(-9) + f/(-3)?
2
Suppose v - 2*q - 381 = 0, 4*v = v - 5*q + 1099. What is the hundreds digit of v?
3
Let b = -28 + 28. Suppose b = m - 9*m + 1056. What is the units digit of m?
2
What is the hundreds digit of 3/(-9)*(6 - 5985)?
9
Suppose 3 = d - 6. Let c = -179 + 182. What is the units digit of (201/d - 4)*c?
5
Suppose -2 = g + 3*k - 3, -3*k = 5*g - 17. Let d(z) = z**2 - 2*z + 4. What is the units digit of d(g)?
2
What is the tens digit of (-7 - 1)*(-11295)/180?
0
Suppose 8 - 34 = -2*m. Let i(g) = -g**2 + 11*g - 1. Let j be i(m). Let z = j - -49. What is the units digit of z?
2
Suppose -3 = 10*s - 7*s. Let o be 378/3 + s + 2. Suppose -8 = -5*p + o. What is the units digit of p?
7
Suppose 28818 = 17*w - 25361. What is the units digit of w?
7
Let m = 37 - 19. Suppose 0 = -3*h + 9, i - m = 3*h - 2. Suppose -i = -n + 5. What is the tens digit of n?
3
Let x be 5/(-15) - ((-871)/3 + 0). Let v = x + -166. What is the units digit of v?
4
What is the units digit of 1/(-5) + ((-6292)/(-10) - -8)?
7
Let j be (-32)/20 - 4/10. What is the tens digit of ((-83)/j)/(2/4)?
8
Suppose 5*u + 4*u = -9. What is the hundreds digit of 80/(-120) - ((-335)/3 + u)?
1
Suppose i - 331 = -5*d, -2*d + 2*i + 61 = -69. Suppose -d = -5*w - 21. What is the units digit of w?
9
Suppose -16 = -3*p - 5*u, 0 = -p - p + 2*u. Suppose 4*w - 3*y = 37, -4*y + 16 = p*w + 2*w. What is the units digit of w?
7
Suppose 3*g - 12683 = -5*v + 2*g, v - 2531 = -3*g. What is the hundreds digit of v?
5
Suppose v - 4*g = 337, -v + 978 = 2*v - g. What is the hundreds digit of v?
3
Suppose -h - 26 = -3*f, 2*f - 25 = -f + 2*h. Suppose -5*k + 31 = -f. What is the tens digit of 2/k - (-87)/4?
2
Suppose 36*l = 35*l - 4. Let a(q) = -2*q**3 - q**2 + 11. What is the tens digit of a(l)?
2
Let h be (2670/(-18))/(1/(-6)). Suppose 9*y + y - h = 0. What is the units digit of y?
9
Suppose 538 = -8*m + 3426. What is the tens digit of m?
6
Let q(u) = -u**3 - 10*u**2 - 22*u - 29. What is the tens digit of q(-16)?
5
Let z(k) = -k**2 + 5*k + 3. Let j(q) = -q**2 - q - 1. Let y(w) = 2*j(w) - z(w). Let u be y(-8). Let n = 8 - u. What is the units digit of n?
1
Let s(d) = 9*d**2 - 11*d - 27. Let g(l) = -8*l**2 + 11*l + 26. Let o(a) = -6*g(a) - 5*s(a). What is the hundreds digit of o(-6)?
1
What is the units digit of 1839/(1 + 2)*(-6)/(-2)?
9
Suppose 63 = -3*t + 12*t. What is the tens digit of (t/28)/((-1)/(-44))?
1
Suppose -4*b - 2*k + 1134 = 0, -k - 3 = 2. What is the tens digit of b?
8
Let g be 31 - ((4 - 1) + 1). What is the units digit of 1263/g + 2/9?
7
Let g(p) = 658*p - 8. What is the tens digit of g(1)?
5
Let o(k) = -4*k**3 + k**2 - 14*k - 14. What is the units digit of o(-4)?
4
Suppose 0 = p - 5*t - 20 - 5, t + 2 = 0. Suppose 4*j - 9*j + 100 = 0. Let a = j + p. What is the units digit of a?
5
Suppose -4*s = 51 - 3. Let l(c) = c**2 + 11*c - 4. Let g be l(s). Suppose -5*p = -g - 57. What is the units digit of p?
3
Let h(o) = 3 + 20*o + 1 - 1. Let d be h(5). Let m = d - 74. What is the units digit of m?
9
Let q be 426/(-3) + 3 + 1. Let p be ((-6)/9)/(4/q). Suppose u + p = 2*u. What is the tens digit of u?
2
Suppose 0 = -2*o + a - 2 + 34, 5*o - 3*a = 78. Let g be (-8)/(-2) - (6 - 4). What is the units digit of 35/g + (-9)/o?
7
Let d(t) = -t**3 - 4*t**2 + 2*t + 2. Let f be d(-4). Let i(p) be the first derivative of p**3/3 - 7*p - 6. What is the tens digit of i(f)?
2
Let b(l) = -l**3 - 15*l**2 - 26*l + 7. Let k be b(-13). Let m(q) = 10*q + 20. What is the tens digit of m(k)?
9
Let m be (2 - (-14)/8) + 9/36. Suppose -y + 4*d = 1 - 0, -13 = -3*y - m*d. What is the units digit of y?
3
Let u(f) = -f**3 - 10*f**2 + 9*f + 13. Let x be u(-12). Suppose -7 = 2*l - r - 138, 0 = 3*l + 2*r - x. What is the tens digit of l?
6
Suppose -3*v - 4*z + 1425 = -z, 5*v - 4*z - 2402 = 0. What is the hundreds digit of v?
4
Suppose -5*m + 2648 = -27. Suppose 4*v - 7 = -y + 143, -3*v = 4*y - m. What is the tens digit of y?
3
Let j(v) = 4*v**2 + 31*v - 22. What is the tens digit of j(-16)?
0
Suppose -65*c = -114*c + 129997. What is the thousands digit of c?
2
Suppose 4*t = -5*p + 2492, -3*p + 3094 = 5*t - 2*p. What is the hundreds digit of t?
6
Suppose 4*c + c = -120. Let j be (-45)/(-4) + 6/c. Suppose 0 = -4*b + z + 44, b - j = z - 6*z. What is the units digit of b?
1
Suppose -j - 68 = -121. Let w be (1 + 3)*(-7 + -1). Let z = j + w. What is the tens digit of z?
2
Suppose t - 33 = f, 4*f = -3 - 5. Suppose -t*g = -36*g + 175. What is the tens digit of g?
3
Let d = 832 - 326. What is the hundreds digit of d?
5
Let h = -477 + 803. What is the hundreds digit of h?
3
Suppose -5*y - 18 = 47. Let v = y + 18. Suppose -2*h = -v*h + 21. What is the units digit of h?
7
Suppose 11*w - 28 = 9*w. Suppose 0 = 4*f - w + 6. What is the units digit of f?
2
Let k(a) = 115*a**2 - 4*a - 17. Let x be k(-3). Suppose 9*w - 6*w - 5*z = 602, -5*w + x = -3*z. What is the tens digit of w?
0
Let m be 24/30*15*33/2. Let l = m - 48. What is the units digit of l?
0
Let a = -21 + 14. What is the units digit of 2/a + 956/14?
8
Let d(i) = 3*i**3 + 64*i**2 - 27*i - 77. What is the tens digit of d(-21)?
3
Suppose 0 = -92*d + 80*d + 8280. What is the tens digit of d?
9
Let o(z) = -2*z - 6. Suppose 4*k + 2*p - 26 = 0, -k - 3*p + 11 = 2*p. Let j be o(k). What is the tens digit of 52/5 - j/(-45)?
1
Suppose 3*k = -3*j + 1356 - 372, 3*k - 2*j = 989. What is the tens digit of k?
2
Let h be -6*(-5)/10 - -31. Suppose -4*p + 5*p = h. What is the tens digit of p?
3
Suppose 0 = -o - 4*o + 50. Suppose o*w = 16*w - 1254. What is the hundreds digit of w?
2
Suppose -30*v + 984 = -54*v. Let m = -4 - 15. Let g = m - v. What is the units digit of g?
2
Suppose 0 = w + c + c - 16, -4*w = -c - 73. Suppose -4*d = 2*d - w. What is the tens digit of -2*d/2 - -85?
8
Let u = -167 - -295. Suppose 4*i - 5*c = i + u, -4*i + 3*c + 189 = 0. What is the tens digit of i?
5
Suppose -52467 + 2711 = -28*q. What is the tens digit of q?
7
Suppose -4*z - 3*f + 1664 - 40 = 0, -2*z = 4*f - 812. Suppose 6*y - 362 = z. What is the hundreds digit of y?
1
Suppose 4*o - 203 - 1203 = 2*i, 0 = -4*i - 20. What is the hundreds digit of o?
3
Let w(a) be the first derivative of 12*a**4 - a**3/3 + a**2 - 2*a - 1. What is the tens digit of w(1)?
4
Let s(a) = -242*a + 6. Let n be ((-7)/(-14))/(1/(-2)). What is the tens digit of s(n)?
4
Let p = 18 - 18. Suppose 0 = 2*l + 5*c - 81, -3*l + 138 = -p*l + 2*c. Suppose -2*u + u = -l. What is the units digit of u?
8
Let t(d) = -d**3 - 5*d**2 + 7*d + 10. Let q be t(-5). What is the units digit of 189 - (-5 - q)/5?
5
Let m(w) = -w**3 - 6*w**2 - 33*w - 65. What is the thousands digit of m(-20)?
6
Let p be -2 - (7 - 10 - (1 + 2)). Let j = -33 + 77. Suppose 0 = -p*m + 3*m + j. What is the units digit of m?
4
Let m(j) = -j**2 + 2*j + 2. Let c(q) = -q**2 - 6*q + 9. Let b be -2 - (-2 + 4 - -3). Let r be c(b). What is the units digit of m(r)?
2
Suppose -2*i + 6 = i + 3*s, -4*s = 2*i. Suppose -4 = c, -j - 4*c = -i*j + 238. What is the units digit of j?
4
Suppose -o + 16 = 4*j, -6*j + 3*j = 4*o - 129. What is the units digit of o?
6
Let o(v) = 4*v**3 - 14*v**2 + 38*v - 37. What is the hundreds digit of o(12)?
3
Suppose -3*s - g = -320 - 335, -4*s + g + 864 = 0. What is the units digit of s?
7
Suppose 0 = -h + 3*h + 3*f - 13, 18 = 4*h - 2*f. Suppose -363 = -h*k + 92. What is the tens digit of k?
9
Let i = -202 + 572. What is the hundreds digit of i?
3
Suppose 999 = 2*q - 1019. What is the hundreds digit of q?
0
Let n be 210/27 - 4/(-18). Let z(i) = -3*i**2 - n + 9*i + 4*i**2 - 2*i**2. What is the units digit of z(7)?
6
Suppose 3*h + 5*t = 925, 7*t + 315 = h + 2*t. What is the tens digit of h?
